-1. Let a = 9 + -8. Calculate the remainder when u + -1 + 98 + a is divided by 26.
25
Let r be 10*(8/(-4))/(-10). Suppose -r*f + v + 33 + 38 = 0, 2*v = -5*f + 191. Calculate the remainder when f is divided by 18.
1
Let t = 2934 - 2877. What is the remainder when 157 is divided by t?
43
Let i(u) = 2*u**3 - 24*u**2 - 5*u - 115. Let w(k) = k**3 - 21*k**2 - 4*k - 113. Let m(x) = -2*i(x) + 3*w(x). What is the remainder when m(-16) is divided by 12?
11
Suppose 76 = -3*i + 6*i - 2*s, -i + 34 = -5*s. Suppose 3*u + 0*g = -2*g + 94, -u + 3*g + i = 0. Calculate the remainder when 56 is divided by u.
26
Let b(z) = -2*z**2 + 7*z - 5. Let t be b(3). Calculate the remainder when (-3270)/(-20) - 1/t is divided by 42.
38
Let g = -14917 + 15279. Calculate the remainder when 1475 is divided by g.
27
Suppose -x = -129 - 234. Let n = x - 241. What is the remainder when n is divided by 39?
5
Suppose -9 = 3*q, 174*n - 5*q - 93 = 172*n. What is the remainder when n is divided by 10?
9
Let v(h) = -3*h + 15. Let j be v(4). Suppose -j*g = 2*c - 40, 2*c - 75 = -3*c + 5*g. What is the remainder when 42 is divided by c?
8
Suppose r - 989 = -4*r - 2*u, 0 = 3*r + 2*u - 595. Suppose 4*h = 103 - 23. Calculate the remainder when r is divided by h.
17
Let b(g) = 92*g + 5. Let a be b(5). Suppose -7*m + 2*m + a = 0. Suppose -3*k + 2*h + 80 = 0, 5*k = -h + 278 - 162. What is the remainder when m is divided by k?
21
Let m = 244 + -539. Calculate the remainder when 43 is divided by m/(-9) - 14/(-315)*5.
10
Let d = -17824 + 17987. Calculate the remainder when d is divided by 47.
22
Let l be 12/(-1)*(-3)/9. Suppose 5*m + m = l*m. Suppose -5*f + 194 = -4*n, m*f + 3*n - 138 = -3*f. Calculate the remainder when 81 is divided by f.
39
Suppose -4 = -o - 4*g, 2*o - 10 = -5*g + 7. What is the remainder when 352 is divided by o?
0
Suppose 5*t = -3*u + 19, -5*t + 6*u + 7 = 5*u. Suppose 5*j - 5*p = 15, 3*j - t*p - 7 - 6 = 0. Calculate the remainder when 9 is divided by j.
2
Suppose 48*x - 38606 - 32194 = 0. What is the remainder when x is divided by 119?
47
Let x = -23 - -27. Calculate the remainder when 181 is divided by (-4148)/17*(-1)/x.
59
Suppose 610 = -1327*c + 1337*c. What is the remainder when 446 is divided by c?
19
Suppose 8*l - 6394 = -15*l. What is the remainder when l is divided by 46?
2
Suppose v + 2*f + 0 = 19, -3*v + 59 = 4*f. Let p be (1 - v/6)*-2. Suppose 4*q + p = 117. What is the remainder when q is divided by 5?
3
Let m(u) = -u**3 + u**2 + 2*u - 1. Let x be m(3). Let w be -11*(-5)/((-15)/(-3)). Let p = w - x. Calculate the remainder when 47 is divided by p.
23
What is the remainder when (42364/(-445))/((-4)/10) is divided by 73?
19
Let c be (-2)/(-2) + -5 + 6. Let q = 81 + -81. Suppose -c*s + 2*r + 186 = q, 0*s + 4*r = -2*s + 174. Calculate the remainder when s is divided by 31.
29
Let d(i) be the first derivative of 2*i**2 + 51*i + 84. What is the remainder when d(-12) is divided by 2?
1
Let r = -452 - -454. Suppose -4*u + 7*u - 3*x - 255 = 0, 3*u - 270 = -r*x. What is the remainder when u is divided by 18?
16
Suppose 0 = -17*g + 32*g - 4770. Let a = -313 + 353. Calculate the remainder when g is divided by a.
38
Let n = -268 - -274. Calculate the remainder when 219 is divided by 4/n + 7097/141.
15
Let v(n) = -3*n**2 - 101*n - 7. Calculate the remainder when v(-24) is divided by 123.
74
Let m be (-1 + -2)/(5/((-680)/(-12))). Let p = m - -49. Calculate the remainder when 66 is divided by p.
6
Suppose -151 = 8*f - 15. Let l = f + 17. Suppose -8*i + 4*i + 108 = l. What is the remainder when i is divided by 5?
2
Let z(v) = -5*v + 7*v - 4*v**2 + 1 + 5*v**2 + 0*v**2. Suppose 9 = 3*a, -25*h + 37 = -23*h - a. Calculate the remainder when z(-7) is divided by h.
16
Let j(c) = 194*c + 1943. What is the remainder when 11424 is divided by j(-9)?
195
Let z be ((-8)/(-2))/(6/(-543)). Let x = z - -399. What is the remainder when 404 is divided by x?
34
Let c(h) be the third derivative of 4*h**4/3 + h**3 - 3*h**2. Let x be c(3). Suppose -4*u + 42 + x = 0. What is the remainder when 143 is divided by u?
35
Let j(g) = g**3 + 15*g**2 - 2*g - 4. Let u be j(-15). Calculate the remainder when 270 is divided by (u/(-8))/((-88)/(-32) - 3).
10
Suppose -5*h = 2*d - 3*h - 528, 3*h + 6 = 0. What is the remainder when d is divided by (-1 + -1 - 2)*-4?
10
Suppose -4*d - 25 = -105. Suppose x - 3*x = -228. Calculate the remainder when x is divided by d.
14
Let r = 197 + -183. Let h be 1/(4*5/80). Suppose -4*l - 79 = -b, h*b + 44 - 318 = 2*l. Calculate the remainder when b is divided by r.
11
Suppose -3919590 = -140*v - 130*v. Calculate the remainder when v is divided by 13.
9
Let x(t) = 3*t - 34. Let d be x(10). Let l be (7 - -2) + (-12)/d. What is the remainder when 99 is divided by ((-400)/(-15))/(-8)*l/(-2)?
19
Let c(h) = 2*h - 1. Let u(v) = 9*v + 5. Let b(j) = -5*c(j) + u(j). Let i be (-1 + 16)/(-3) - 1. Calculate the remainder when 45 is divided by b(i).
13
Suppose 18*x = 22*x - 132. Let v(l) = -l**2 + 49*l - 261. What is the remainder when v(14) is divided by x?
31
Suppose 18*v = 5*v - 47*v + 2280. What is the remainder when (-9 + (-8)/2 + 8)*-52 is divided by v?
32
Let c(z) = 182*z + 6057. What is the remainder when 346 is divided by c(-33)?
40
Let m = -4273 - -4303. What is the remainder when 47 is divided by m?
17
Suppose 11*q - 31 = -2*z + 8*q, z + 5*q - 33 = 0. Suppose 13*x = z*x + 540. Calculate the remainder when x is divided by 20.
8
Let u be (16 + -1)/((-14)/(-966)). Let z be 2/13 - u/(-117). Suppose -7*b = -z*b + 16. Calculate the remainder when 22 is divided by b.
6
Let n = 16135 - 15997. What is the remainder when 953 is divided by n?
125
Let k = 3491 + -3333. What is the remainder when k is divided by 21?
11
Let o(i) be the second derivative of -2*i + 0 - 3/2*i**3 - 3/2*i**2 - 5/12*i**4 - 1/20*i**5. Calculate the remainder when 32 is divided by o(-4).
15
Let t = -1018 - -1176. What is the remainder when 1148 is divided by t?
42
What is the remainder when 173 is divided by ((-4)/1)/(8/(-72)) + 8?
41
Suppose -2*m = 5*x - 42, -3*m + 136 = m - 3*x. Let s be ((-4)/(16/2))/((-2)/(-36)). Let w = m + s. Calculate the remainder when 107 is divided by w.
19
Suppose 4*j - 91 = -2*b + 143, 123 = 2*j + 3*b. Let i = j - 39. What is the remainder when 118 is divided by i?
10
Suppose -154 = -8*l - 29 + 179. Let y(v) = 13*v**2 - 3*v - 1. Calculate the remainder when y(3) is divided by l.
31
Let o = -53 - -129. Let h(j) = -j**2 - 2*j + 8. Let z be h(2). What is the remainder when o is divided by -9 - -6 - z - 84/(-2)?
37
Let m = 250 + 203. Let z = m - 357. What is the remainder when z is divided by 25?
21
Let n = -2921 - -3046. What is the remainder when 734 is divided by n?
109
Suppose 0*f = f - 2. Suppose 2*w - 3*s - 3457 = -1109, 0 = -f*w - s + 2364. Suppose 20*c + w = 30*c. Calculate the remainder when c is divided by 11.
8
What is the remainder when 933 is divided by ((-112271)/38)/19*-2?
0
Suppose 2*o = -4*n + 84, 2*o - 44 = 28*n - 27*n. What is the remainder when 562 is divided by o?
16
Let l(k) = k**3 - 7*k**2 + 4*k - 5. Let v be l(7). Suppose -5600 + 1276 = -v*f. What is the remainder when f is divided by 9?
8
Suppose -2*n + 20 = 3*n. Suppose n*a - 14 = -2*t, -3*t - a + 46 = -0. Suppose t*o + 35 = 22*o. What is the remainder when 20 is divided by o?
6
Let z = 311 + -130. Suppose 4*v - 2*i = -7 + 133, 58 = 2*v + 4*i. What is the remainder when z is divided by v?
26
Let r(t) = 52*t**3 + t**2 - t + 1. What is the remainder when r(1) is divided by 38 - (36/(-126) - 66/14)?
10
Calculate the remainder when ((-4)/(-18))/(-1) + (-2)/36*-3208 is divided by 33.
13
Calculate the remainder when 1417 is divided by (8/(-20))/(6*10/(-1650)).
9
Suppose -3*w + 82 = -14. Suppose -21*m + 3*m + 342 = 0. What is the remainder when w is divided by m?
13
Let q = 62143 + -62052. Let p = 47 + -16. Suppose 0 = 2*u - 33 - p. What is the remainder when q is divided by u?
27
Suppose -d + 0*d + 4*k + 209 = 0, 5*d - k = 1140. Let y = 247 - d. Calculate the remainder when 83 is divided by y.
11
What is the remainder when 2710 is divided by 6/8*(-15352)/(-606)?
12
Suppose 0 = -l + 20*l - 342. What is the remainder when (4/(-6))/((-6)/(-63))*-5 is divided by l?
17
Calculate the remainder when 23/((-138)/(-4164)) + -8 is divid